4535019. Is h a composite number?
True
Suppose -48*z + 4*x = -51*z + 531547, -2*z - 5*x + 354360 = 0. Is z prime?
False
Is (-53670240)/(-100) - 15 - 6/15 a prime number?
True
Suppose -4*k + 2*i - 5*i = 6, -4*k + 2*i + 4 = 0. Let w(y) = 116*y - 229. Let x be w(2). Suppose 3*m - 2*m + x*d = 3223, 3*d = k. Is m prime?
False
Let p(h) = -5 + 27*h**2 + 14*h - 2 + 24. Let f be p(12). Suppose 7*q + 6830 = 5*d + 2*q, -3*d - 2*q = -f. Is d prime?
True
Is (37141/6 - -7) + 2*(-4)/48 composite?
False
Suppose -2*u = 4*i + u - 164, -2*i + 104 = -4*u. Let d = 90 - i. Suppose -5*j + 189 = -d. Is j a prime number?
True
Suppose -8*p = -48046 - 474. Is p prime?
False
Suppose 5*v - 6*t - 1 = -3*t, -t + 13 = 5*v. Let i be ((-8)/(-16))/(v/12). Suppose 4*p - 2*p = w + 223, -i*p = -w - 336. Is p a prime number?
True
Is ((-1396920)/200)/((-6)/10) a prime number?
False
Let m be 15/(-3)*120/(-50). Suppose m*r - 9*r = v - 556, -r + 2263 = 4*v. Is v composite?
True
Let o(z) = 9 + 238*z**2 - 81*z**2 + 9*z**2. Is o(-2) a prime number?
True
Suppose -r + 41 = 8*f - 3*f, -27 = -4*f + 5*r. Is f/(48/43038) - -4 a composite number?
False
Suppose 8 - 1 = 5*b - 2*a, 5*b - 4*a + 1 = 0. Let o = -4 - -9. Suppose -b*u + 254 = o. Is u composite?
False
Let b(i) = 6 + 3 - 28*i**2 - 2 + 7*i + 6*i**2. Let v(x) = x. Let g(y) = -b(y) + 6*v(y). Is g(4) a prime number?
False
Is 2597409/369 - (-20)/(-410) a prime number?
True
Suppose -y + 188 = -216. Suppose y = 3*d - 4*z + 3*z, -262 = -2*d - 3*z. Is d a prime number?
False
Let b = -141 + 153. Suppose x + b*x = 9217. Is x composite?
False
Let a be (-22248)/(-56) + (-2)/7. Suppose 11*h = 12*h - a. Let u = h - 90. Is u a composite number?
False
Suppose -2*t + 359*s = 357*s - 5818, 0 = 3*t - s - 8721. Let m(r) = r + 2029. Let w be m(0). Let d = t - w. Is d a composite number?
False
Let j(i) = 5*i**2 + 10*i + 45. Let k be j(-6). Is (-1)/(-5) + 1466322/k prime?
True
Let r(d) = -135*d - 3. Let s be r(-4). Suppose -6*q + s = 2499. Let h = q - -1040. Is h composite?
True
Let z = -94 - -53. Let j = -36 - z. Suppose j*v - v = 2020. Is v composite?
True
Suppose -39*s + 1629510 + 1432107 = 0. Is s prime?
False
Suppose -80*c + 82*c - 6060 = 0. Let r = c + 1411. Is r a prime number?
True
Suppose -2862*m = -2881*m + 10413463. Is m a prime number?
False
Let b(p) = 48*p - 45*p + 4 - 190*p - 29. Is b(-4) a composite number?
True
Let c = 329 - 22. Suppose 132*n - 17 = -2*q + 127*n, 5*q + 3*n = -5. Is -4*c/(-3) - q/(-12) a prime number?
True
Let x(g) = -4215*g - 2674. Is x(-11) prime?
True
Let u(a) = -81*a**3 - 4 - 3 - 5*a**2 + 10 + 0. Is u(-2) a composite number?
False
Let c(a) = 2*a - 40*a**2 - 4 - 48*a**2 + a**3 + 135*a**2 - 40*a**2. Let g be c(-6). Suppose -10*y + g*y = 38170. Is y prime?
False
Suppose -4*v + u + 320 + 761 = 0, -3*v + 806 = 4*u. Let p be (-2932)/10 + (-29)/(-145). Let k = v - p. Is k a prime number?
True
Suppose 22*b - 34 = 5*b. Suppose 601 = b*m - 253. Is m a composite number?
True
Suppose -5 = -2*d - 1533. Let n = d + 1585. Is n a prime number?
True
Let a be -2 + 10895/3 + 1/3. Suppose -3*o + 4125 = -a. Suppose -3*z = -4*n + o, 3*n + 2*n - 4*z = 3231. Is n a prime number?
True
Suppose 0 = -20*r + 18*r - 5*y - 1811, 1 = y. Let a = -153 - r. Is a prime?
False
Let p be (-1)/((-6)/888) + 3. Let h = p + -154. Is (-1)/(-1)*(h + 1653 - -1) a prime number?
False
Let o = 937 - 937. Is (o - 0)/1 + (13872 - -1) composite?
False
Suppose 0 = n + 3*g - 4899, 0*n - 4*n - 2*g + 19616 = 0. Suppose -4*q + 7*q = -3*x + n, 1639 = q - x. Is q a prime number?
True
Suppose 0 = -m + 13*l - 14*l + 488859, -5*m - l = -2444327. Is m prime?
False
Let o(r) = -13202*r**3 - 9*r**2 - 2*r + 6. Is o(-1) a prime number?
False
Let b = 837 - 876. Let i(x) = -330*x + 389. Is i(b) prime?
True
Let m(v) = v + 7. Let z be m(-4). Suppose 2*y + 6*b - 51 = z*b, -y = 2*b - 26. Is 6/y - 19641/(-12) composite?
False
Let r = -23009 - -45622. Is r a prime number?
True
Suppose 23*k - 660 = 8*k. Suppose 0 = k*o - 50*o + 23718. Is o composite?
True
Suppose -3*c + 3*t + 2*t + 29 = 0, -5*c = -t - 19. Suppose -3*n + 2*s = 6*s + 19, -4*n + c*s = 17. Is ((-3019)/n)/(3/15 - 0) prime?
True
Suppose -5*i + 14388859 = 3*l, -8*i + 2*l - 5755542 = -10*i. Is i a prime number?
True
Suppose 3*d + 0*r = 2*r + 23057, 0 = 4*r + 4. Suppose d = -27*j + 32*j. Is j a composite number?
True
Let t(s) = -5*s**3 + s - 3. Let c be t(-2). Suppose -25*j = -c*j + 92830. Is j composite?
False
Let o(m) = 6664*m + 133. Let x be o(-5). Let h = x + 62310. Is h prime?
True
Let g(z) = z**2 + z - 22. Let v be g(-6). Let r(l) = l**3 + 9*l**2 + l + 19. Is r(v) a prime number?
False
Suppose -122*f = -141*f + 893. Suppose 2*p - 3*w - 141 = -p, 3*w - 209 = -4*p. Suppose 0 = -p*n + f*n + 1671. Is n composite?
False
Let x = 36 + -34. Let h(u) = u**2 - 5 - 2 + 2*u**3 + 2*u + 15*u**3 + x. Is h(3) a prime number?
False
Suppose 2*s + 2*s - 3057 = 3*j, 9 = -3*j. Let m = s - 515. Suppose -2*d = 5*b - d - 616, d = -2*b + m. Is b a composite number?
True
Suppose 0 = 8*m - 3*d - 3111691, -5*d - 1062683 = -3*m + 104236. Is m prime?
False
Suppose 9*o - 1 = 35. Is (o - 15353)*(-7 - -1 - -5) composite?
False
Let f be ((-5)/10)/((-1)/(-8)). Is (-4654)/4*4/f*2 prime?
False
Let s = -10 - 4. Let r(i) = -i - 1. Let n(l) = 92*l - 19. Let t(b) = -n(b) + 6*r(b). Is t(s) prime?
False
Let l be 3365*(286/(-55) + 7). Let u = 2303 + 6693. Let y = u - l. Is y a prime number?
True
Suppose 96*l - 3*l - 13398011 + 2916446 = 0. Is l a composite number?
True
Let t be 829/((-120)/25 + 5). Let u = -6 + 4. Is t*u/(1 + -3) composite?
True
Suppose -5*x = -t + 314419, 3704*t + 1257584 = 3708*t + 3*x. Is t a composite number?
False
Let d(n) = 14*n**2 + 17*n + 4. Let t(k) = k**3 - 16*k**2 - 16*k - 10. Let r be t(17). Is d(r) a prime number?
True
Let c be ((-1)/(-2) - 2)/((-27)/(-36)). Let k be c/10 + (-776)/(-5). Let z = -62 + k. Is z composite?
True
Let h(y) be the third derivative of -y**6/120 - y**5/20 + 5*y**4/24 - y**3/3 - 9*y**2. Suppose 10*o + 14 = 8*o. Is h(o) composite?
True
Let q(y) = 129460*y**2 + 48*y + 9. Is q(4) a prime number?
True
Suppose 0 = -57*q + 132061 + 105572. Is q prime?
False
Let t(j) = 9187*j**2 + 11*j + 10. Let s be t(-1). Suppose 25*z - s = 22*z. Is z a composite number?
True
Let m = -11 - -13. Let s be m/7 + (-1 - 130/(-35)). Suppose 0*x - s*x - 1122 = -3*f, 4*f = -2*x + 1490. Is f composite?
False
Let z(w) = -w**3 + 10*w**2 - 24*w - 1. Let m be z(5). Suppose 5*q - 13260 = -5*i, 0 = -m*i + 4*q - 5*q + 10623. Is i a composite number?
False
Let v(z) = -7*z - 37. Let w be v(-6). Suppose -i + 1817 = w*p, 0*i - i + p = -1817. Is i a composite number?
True
Let b(o) = 144*o - 65. Suppose 9 + 26 = 2*t - 5*s, 5*t - 3*s = 97. Suppose 0 = -3*j - 2*j + 5*g + t, 0 = -j - 3*g + 20. Is b(j) a prime number?
True
Suppose 7 = y + 2. Suppose 5*j = z + 7*j - 320, -10 = y*j. Suppose -6*f + z = -4*f - 2*a, f - 2*a = 166. Is f prime?
False
Let s = 1338 + -1329. Let k(g) = g**2 + 7*g + 8. Let q be k(-6). Is (s - -104)*(q + -1) composite?
False
Let i(q) = 4*q + 673. Suppose 15*t = 33*t. Is i(t) a prime number?
True
Let q(g) = -143*g**3 + 2*g**2 - 3*g - 33. Let a(x) = -47*x**3 + x**2 - x - 11. Let z(f) = 7*a(f) - 2*q(f). Is z(-6) composite?
False
Let r(v) = 10*v - 14*v**2 - 12*v**2 - 3 - v**3 + 2 + 24*v**2. Let f be r(-5). Is (6999/2)/(36/f) a prime number?
True
Let q(x) = 3*x - 31. Let v be q(19). Suppose -v*w + 17*w = -8001. Is w prime?
False
Suppose -608 = -4*q - 408. Suppose 54*w = q*w + 17212. Is w a composite number?
True
Let a be (-4)/5 + (-77)/105*3. Is (-12)/9 - (169732/a)/4 a prime number?
True
Let j = 163199 + -72216. Is j composite?
True
Let o be (-186)/(-124) - (-27)/(-2). Is ((-29596)/o - -5)/((-2)/(-3)) composite?
True
Is (116 + -112)/(4/26449) composite?
False
Let t(n) = -2609*n + 283. Let x be t(-7). Let g = 34327 - x. Is g a prime number?
False
Let j(s) = -s**3 + 30*s**2 + 27*s - 21. Let k(r) = r**3 - 34*r**2 - r + 52. Let l be k(34). Is j(l) prime?
False
Let l be 0/(-2)*(-15)/45. Suppose -a + 658 + 601 = l. Is a composite?
False
Let o(y) = 53*y + 82. Let t be (-18)/(-12) + (-81)/(-6). Is o(t) composite?
False
Let t(m) = -218*m**2 - m - 1. Let b be t(1). Let d be -603 - 0 - (-1)/1. Let z = b - d. Is z a prime number?
False
Suppose -818769 = -8*i + 11*d 